(c) = c**3 - 7*c**2 + 47*c - 202. Let s be q(5). Let v be ((-106)/6)/((-2)/6). Let f = s + v. Calculate the greatest common divisor of f and 12.
12
Suppose -139 = -2*s + 235. Suppose -t + 11 + 8 = 2. Calculate the greatest common factor of s and t.
17
Suppose -2*u - 21 = -d, -20 = -3*u + 7*u. Calculate the highest common factor of d and 50.
1
Let m = 10 - -18. Let q be 64/(-8)*(-3 + (-170)/4). What is the greatest common divisor of q and m?
28
Let u = 2558 - 2439. Suppose 4*f - o - 204 = 0, -3*f - o = -2*f - 51. What is the greatest common divisor of u and f?
17
Suppose 2 = 3*m - 1. Let c(v) = -6*v + 3. Let l be c(-2). Suppose -l*n + 19*n - 16 = 0. Calculate the highest common factor of m and n.
1
Let r(d) = -d**2 - 8*d + 11. Let c be r(-9). Suppose -c*z + s + 2*s = -14, s + 10 = 2*z. Let p = -403 - -415. What is the highest common divisor of z and p?
4
Let w(b) = 635*b - 2603. Let q be w(5). What is the highest common divisor of 4433 and q?
143
Let g(d) = -140*d + 1. Let i be g(-1). Let c = 157 - i. Calculate the highest common factor of c and 2.
2
Let t(n) = 2*n**3 - 8*n**2 + 17*n - 8. Let w be t(4). Let d be ((-1)/(11 + -10))/((-1)/w). What is the greatest common divisor of 24 and d?
12
Suppose t + 3*w - 138 = 0, -5*t - 17*w = -18*w - 642. Calculate the greatest common factor of 6063 and t.
129
Let m = 2225 + -2222. Suppose -4*q = -4, 2*s + 0*q = q + 17. Suppose 34*j - 31*j - s = 0. What is the highest common factor of m and j?
3
Let w(m) = 8*m - 43. Let r(t) = -t**2 - 12*t + 33. Let x be r(-14). Let k be w(x). Let p be ((k - -2)*-2)/(2/8). What is the greatest common factor of 64 and p?
8
Let m = -18 - -48. Let d be (-904)/(-14) + m/70. Let h be 1 - (2 - 2 - d). Calculate the greatest common factor of 6 and h.
6
Suppose 5*c = 23*c - 90. Suppose -7*w = -c*w - 52. Calculate the greatest common factor of 26 and w.
26
Let h(r) = -3*r**2 - 109*r - 62. Let j be h(-23). What is the highest common factor of j and 1248?
78
Let d(n) = -2192*n - 1191. Let i be d(-1). Calculate the greatest common factor of 2093 and i.
91
Suppose 8*v - 2*v = 150. Let q = v + -71. Let o = -11 - q. Calculate the highest common divisor of o and 14.
7
Suppose -42 = 10*x - 92. Suppose -x*u - 28 - 59 = -m, u - 306 = -4*m. What is the highest common divisor of m and 7?
7
Let t(o) = o**2 - 5. Let d be t(5). Let m = -6090 + 6095. Calculate the greatest common divisor of d and m.
5
Let b be (220/(-9 + 4))/(1*10/(-15)). What is the greatest common divisor of 4224 and b?
66
Suppose -3*i + 3*n + 51 = 0, -n - 53 = -2*i - 2*i. Suppose 0 = -2*q - 4, -4*l + 4*q = -i. Calculate the highest common factor of l and 17.
1
Suppose 77*n - 1158 + 234 = 0. Calculate the highest common divisor of 3630 and n.
6
Let h(j) = 16*j + 162. Let n be h(-10). Let m(s) = 29*s**2 - 14*s + 33. Let i be m(n). What is the greatest common factor of 22 and i?
11
Let t = -433 - -435. Let r be (12*(-152)/(-24))/t. What is the greatest common divisor of r and 171?
19
Suppose 14274 = 8*q + 7650. What is the highest common factor of 3772 and q?
92
Let h(s) = -s**2 - 19*s - 16. Let f be h(-18). Suppose 49 = 4*w - 5*a, -5*w - f*a = 2*a - 51. Calculate the greatest common divisor of w and 44.
11
Let v(j) = 3*j**3 - 17*j**2 + 14*j + 3. Let q be v(6). What is the greatest common divisor of q and 1189?
41
Suppose -1832*o = -1809*o - 2277. Calculate the highest common factor of o and 462.
33
Let m be (-9)/(-15) - 102/(-30). Suppose 3*d = -m*d + 210. Suppose -23*a + 17*a + 120 = 0. What is the highest common divisor of d and a?
10
Let v = -72 - -51. Let f(t) = -t**2 - 21*t - 16. Let c be f(-17). Let p = v + c. What is the highest common factor of p and 31?
31
Let l = 68 + -20. Let w be (-9)/(27/78)*(-9)/(-6). Let x = l + w. What is the greatest common divisor of x and 9?
9
Let x = 310 - 306. Suppose -5*f = -x*f - 36. Let b be 3532/14 + 2/(-7). Calculate the greatest common divisor of b and f.
36
Let u = 794 - 668. Let c(z) = -4*z**3 - 4*z**2 - 6*z - 6. Let b be (-8)/(-2) + 7/(-1). Let w be c(b). What is the highest common divisor of u and w?
42
Suppose -59*v - 49*v = 58*v - 4316. What is the greatest common factor of v and 1053?
13
Suppose -5*b = 2*b - 462. Let g be -1 - 150/(-22) - 38/(-209). Calculate the greatest common factor of g and b.
6
Let b be (6/4)/((-3)/6). Let f be (-5355)/35*1/b. What is the greatest common factor of 969 and f?
51
Let c be (-276)/1242 + 74504/9 - 1. Calculate the greatest common factor of c and 93.
93
Let i = 1017 - 708. Suppose 0 = -8*c + 403 + i. Let s = 119 - c. Calculate the greatest common divisor of 150 and s.
30
Let u(x) = -2*x**3 - 20*x**2 + 3*x + 30. Let f be u(-10). Suppose -21*o + 7*o + 770 = f. What is the greatest common factor of o and 10?
5
Suppose 5*r + 4 = 2*u, -3*u - 115*r = -117*r - 28. What is the highest common divisor of u and 2248?
4
Let z be (-246300)/(-36) + (-10)/(-3). Calculate the greatest common divisor of z and 185.
185
Let b be ((-70)/(-4))/(249/996). Calculate the highest common factor of 560 and b.
70
Suppose -68*d + 3818 = 376 - 1182. What is the highest common divisor of d and 4522?
34
Let y be (1/(-2))/((-1)/2). Let j be (464/203)/(6/21). Suppose -1322 + 1362 = j*r. What is the highest common divisor of y and r?
1
Suppose 0 = -11*n + 16*n + 940. Let i = n - -199. What is the highest common divisor of i and 88?
11
Let o(h) = 156*h**2 - 226*h + 225. Let z be o(1). What is the highest common factor of z and 15?
5
Suppose -519*m + 41 = -36808. What is the highest common divisor of m and 31737?
71
Let z(l) = -9*l + 44. Let h be z(0). Suppose 0 = -2*n - n - 69. Let u = h + n. Calculate the highest common divisor of u and 147.
21
Suppose 14*k + 189 = 259. Suppose 10 = 5*t, 5*t - 2*t = -4*g + 46. What is the greatest common factor of k and g?
5
Suppose 11*c - 6*c - 784 = 4*c. Calculate the greatest common factor of 12 and c.
4
Let h = -193 + 571. Suppose -15*v + h - 153 = 0. Let y(q) = q**3 + 6. Let u be y(0). What is the highest common divisor of u and v?
3
Let u = -3782 - -3795. What is the highest common divisor of u and 6877?
13
Suppose 56*y + 7987 = 16*y + 203*y. Calculate the greatest common factor of 1323 and y.
49
Let u(f) = 8*f**2 + 49*f - 54. Let x(q) = 21*q**2 + 146*q - 163. Let y(d) = -8*u(d) + 3*x(d). Let c be y(25). Calculate the greatest common factor of 108 and c.
36
Let f(u) = -24*u + 204. Let l be f(6). What is the highest common factor of l and 1280?
20
Let w be 8/12 + 5571/27. Suppose -4*j - j - 3*r = -30, 5*r = -25. What is the highest common divisor of j and w?
9
Let v be (136/(-192) + 6/16)*-6. Let w be (-117)/v*(-22)/33. Calculate the greatest common factor of w and 143.
13
Let k = -15518 - -26081. What is the greatest common factor of k and 7?
7
Suppose -1417*z - 70 = -1418*z. What is the highest common factor of z and 665?
35
Let v be 182/(-21)*3/(-2)*3. Suppose -4*q + v = -125. Suppose 2*y - q = 119. Calculate the highest common factor of y and 10.
10
Let h = -39564 - -39630. Calculate the highest common factor of h and 891.
33
Suppose 283*h - 3999 = 240*h. What is the greatest common divisor of 248 and h?
31
Suppose 45*u = 70890 - 27330. Calculate the greatest common divisor of 275 and u.
11
Suppose -4*g = 12*b - 15*b + 2040, -4*g + 2040 = 3*b. Let l be -1 + 5 + -9 + 73. What is the greatest common divisor of b and l?
68
Let g be (-2*55/(-15))/((-10)/(-360)). What is the greatest common divisor of 2508 and g?
132
Let d(n) = -2*n**2 + 28*n - 48. Let w be d(12). Suppose -27*z + 4*z + 8395 = w. What is the highest common divisor of z and 146?
73
Let d(h) = h**3 - 13*h**2 - 40*h - 275. Let q be d(17). Calculate the highest common factor of q and 670.
67
Suppose 0 = 21*z - 24*z - 5*m + 3924, 4*z - 2*m = 5206. Suppose -z*q + 1298*q + 360 = 0. Calculate the greatest common factor of q and 54.
18
Let h be (-65)/(-650) + (-1)/(-2)*(-95)/(-25). Let c be (24/(-5))/(1/(-5)). Calculate the greatest common divisor of c and h.
2
Let b = 53 + -53. Suppose -18*f + 21*f - 9 = b. Suppose -q + l = q - 35, 4*l - 80 = -f*q. What is the highest common divisor of q and 20?
20
Let g = -1672 + 1826. What is the highest common divisor of g and 440?
22
Let z = 21741 + -21554. What is the greatest common factor of 25245 and z?
187
Let v be (-244)/(-3) - 36/(-54).